 -60) is divided by r.
16
Let d(t) = -t**3 - 11*t**2 + 43*t + 16. Let v be d(-14). Suppose v*z - 13*z = -2046. What is the remainder when z is divided by 32?
26
Suppose -21*u + 1167 - 129 + 1188 = 0. What is the remainder when 2645 is divided by u?
101
Suppose -5*i - 2*y + 114 = 0, -5*i + 18*y - 9*y = -202. What is the remainder when 0/(-2) + (52 - 4) is divided by i?
22
Let k = -251 + 1141. What is the remainder when k is divided by 81?
80
Let p = 25 + -120. Let i = -96 - p. What is the remainder when 69 is divided by ((-21 + 3)*1)/i?
15
Let r = 576 - 496. Suppose r - 280 = -20*h. What is the remainder when 117 is divided by h?
7
Suppose 16*w - 14*w - 4 = 0. Suppose -3*h - w*d = -7*d - 12, 2*h - 3*d - 9 = 0. Calculate the remainder when 1 - (-46)/4 - (-14)/(-28) is divided by h.
3
Suppose 3*i + 63 = 6*i. Suppose -92 = i*s - 25*s. Let v = -235 - -243. Calculate the remainder when s is divided by v.
7
Suppose 6*g = z - 86 + 15, -g = 4*z - 34. Suppose l - p = 42, 78 = 4*l + 3*p - 90. Calculate the remainder when l is divided by z.
9
Suppose -3*p + 180 = 3*w, -5*p = -4*w + 117 - 408. What is the remainder when 6607 is divided by p?
58
Let b = 1360 - 1351. Let h be 9/(-2)*(-80)/3. Suppose -5*n + 190 = -h. Calculate the remainder when n is divided by b.
8
Let g = 359 + -127. Let f(q) = 48*q**2 + 3604*q - 3605. What is the remainder when g is divided by f(1)?
44
Suppose -23 = 2*o - 17. Calculate the remainder when 116 is divided by 0 - 13/((2 + o)*1).
12
Suppose 14 = 2*z - 5*p + 11, 23 = 2*z - p. Let q(k) = 2*k**2 - 22*k - 14. What is the remainder when q(z) is divided by 35?
0
Let m(k) = -10 + 72*k - 13*k - 8*k**2 + 3 + 4*k. Calculate the remainder when m(5) is divided by 39.
30
Suppose -2*h + 2*p - 6*p + 1080 = 0, 2*h = -3*p + 1083. What is the remainder when h is divided by 41?
13
Suppose 3*i + 4*m - 30 = 0, 3*i - 3 = 4*m + m. Suppose 840 = i*f + 30. What is the remainder when f is divided by 34?
33
Suppose 31*w + 5*d = 28*w + 34, -d + 34 = 4*w. Let l = 49 + -35. Let r(b) = b**2 - 16*b + 30. Calculate the remainder when w is divided by r(l).
0
Suppose -2*n + 14 = -5*c - 10, 4 = 2*n + 5*c. Suppose -w = -n - 12. Calculate the remainder when 182 is divided by w.
11
Suppose 0*d + 2*d = -56. Let i = -15 - d. Let m(j) = 6*j**2 + 550*j - 146. What is the remainder when m(-92) is divided by i?
12
Let h be (-148)/(-18) + (-18)/243*3. Calculate the remainder when h/((-5)/(-18 - 2)) is divided by 21.
11
Let w = 8573 + -8486. Calculate the remainder when w is divided by 6.
3
Suppose -h - f + 308 = 0, 3*h = -6*f + 7*f + 920. Suppose z - s = 417, z = 2*s + h + 112. Calculate the remainder when z is divided by 38.
35
Let b(q) = q**2 + 8*q + 16. Let s be b(-5). Let f = s + 1. Let o(k) = -k**3 - 4*k**2 + 3*k. Calculate the remainder when o(-5) is divided by f.
0
Let i(j) = 6*j - 41. Suppose -8*v = -117 - 59. Calculate the remainder when i(v) is divided by (-39 - (0 + -1))/(34 - 36).
15
Let b = -3218 - -3346. Calculate the remainder when b is divided by 11.
7
Suppose -126*s + 102 = -247*s + 124*s. What is the remainder when 1910 is divided by s?
6
Let o(q) = 46*q - 1576. Calculate the remainder when 117 is divided by o(35).
15
Let p(g) = 3*g**2 - g. Let k be p(1). Let m(h) = -8 + 23 + 8 - k*h. What is the remainder when 35 is divided by m(7)?
8
Suppose 4*d - a + 2 = 0, 3*a - 2*a - 2 = 0. Suppose -105*b + 111*b - 84 = d. Calculate the remainder when 35 is divided by b.
7
Let g(i) = -i**3 + 20*i**2 - 19*i - 33. Let b(z) = z**2 + 1. Let q(t) = 2*b(t) + g(t). Calculate the remainder when 40 is divided by q(21).
7
Suppose 36*a - 33*a - 15 = 0. Suppose -c - 2*c - a = -5*x, 2*x - 2*c + 2 = 0. Calculate the remainder when 71 is divided by (-10)/(-4)*(4 - (2 - x)).
11
Suppose 3 + 21 = 12*u. Suppose -a + 3 = -u*b + 3*b, -2*a = -10. What is the remainder when b + 1 - (-86 - -5) is divided by 9?
8
Let q(h) = 2*h + 30. Let u(r) = -r + 1. Let w(a) = -2*a**2 + a - 10. Let z(t) = -4*u(t) - w(t). What is the remainder when q(0) is divided by z(-2)?
6
Let c(p) = -p**2 - 10*p + 55. Suppose -2*x - 5 = -7*x. Calculate the remainder when x*((0 - -62) + -1) is divided by c(-13).
13
What is the remainder when ((-490)/(-100) - 10/25)*6 is divided by 26?
1
What is the remainder when 340 is divided by (-16)/14 - 20709/(-413)?
46
Let b = 21060 - 21047. What is the remainder when 22 is divided by b?
9
What is the remainder when 2909 is divided by (-792)/144*4/2 + 335?
317
Let k be (-1 - 2/(-4))*-36. Suppose 5*t - 6958 = 222. Suppose 490 + t = k*v. What is the remainder when v is divided by 55?
52
What is the remainder when 198053/79 + (-1 - -13) is divided by 30?
29
Let j be 16 + -17 - (2 + 2). Let d(u) = u**2 + 8*u + 51. What is the remainder when 208 is divided by d(j)?
28
Let t(u) = -7*u**3 - 2*u**2 - u + 1. Let r be t(-1). Suppose r*v + 101 = 416. What is the remainder when v is divided by 24?
21
Let n = 3721 + -3723. Let r(q) = -q**2 - 2*q + 2. Let b be r(-3). Calculate the remainder when (70 - 0/4)*b/n is divided by 24.
11
Suppose 10*s - 97*s + 853 + 6020 = 0. Calculate the remainder when 8372 is divided by s.
77
Suppose -438 = y - 1559. Suppose 364 = -y*v + 1128*v. What is the remainder when v is divided by 5?
2
Let x(k) = 10*k**2 - 48*k + 312. What is the remainder when x(6) is divided by 13?
7
Let b(j) = -6*j + 13. Calculate the remainder when 233 is divided by b(-4).
11
Let k(t) = t**3 - 5*t**2 - 16*t + 13. Let p be k(9). Let g = -107 + p. Calculate the remainder when g is divided by (0 - 8)/((-6)/33).
42
Let j = 0 + 6. Suppose -3*y + j*y - 207 = 0. Calculate the remainder when y is divided by (522/21)/6 - (-4)/(-28) - -14.
15
Let d(n) = -20 - 96 + 8*n + 29. Calculate the remainder when 129 is divided by d(15).
30
Let l(p) = p**3 - 59*p**2 - 655*p + 9. What is the remainder when l(69) is divided by 10?
4
Let p(y) be the third derivative of y**5/60 + 5*y**4/12 - 7*y**3 - y**2 + 39*y. What is the remainder when p(-19) is divided by 5?
4
Let z(t) = 93*t + 483. Suppose 4*j + 6 = -2. Calculate the remainder when 0 + (-2)/j*32 is divided by z(-5).
14
Let g = 32 + -11. Let k(s) = 11*s**2 - 5*s - 6. Let y(o) = -o**3 + o**2 + 3*o + 7. Let h be y(3). Calculate the remainder when k(h) is divided by g.
6
Let v(o) = o**3 + 6*o**2 - 6*o + 3. Suppose 6*w = 5*w + 6. Let k(q) = q + 9. What is the remainder when v(-6) is divided by k(w)?
9
Let j be 3/(-4 - (-33)/6). Calculate the remainder when (-10 - -13)*((-164)/(-6))/j is divided by 6.
5
What is the remainder when (3433 + 3)/(-4)*(-232)/116 is divided by 1715?
3
Suppose 5*z = 15 + 15. Suppose 2*s + 3*i = 48, -2*s + 3*i = -z*s + 84. What is the remainder when 157 is divided by s?
13
Suppose -174 - 226 = -5*i. Suppose -i = 907*d - 911*d. Suppose -4*n + 153 = q, -q + 4 = -1. What is the remainder when n is divided by d?
17
Calculate the remainder when 960 is divided by -33*(66/55 + (4 - (-176)/(-30))).
14
Let g(h) = -3*h - 5. Suppose 3*o - 44 = -59. Suppose -31 = -x + 3*d, d + 2 = -4*x + 152. What is the remainder when x is divided by g(o)?
7
Suppose -3*p - 2*p = 5*d - 375, 2*d = 2*p - 154. Calculate the remainder when 333 is divided by p.
29
Suppose -j = 3*w - 29, 127*w - 129*w + 14 = 2*j. What is the remainder when 32152 is divided by w?
10
Let b(t) = -2*t**2 + 1. Let c be b(0). Suppose -3 = -4*j + c. Suppose 0 = -3*v + k + 19 - 3, -32 = -5*v - k. Calculate the remainder when v is divided by j.
0
Let w = -85 - -118. Suppose -1027 - 788 = -w*c. What is the remainder when c is divided by 3?
1
Let f be (4 - (4 - 2)) + 2. Suppose f*s - 790 = -166. Suppose 2*g = 8*g - s. What is the remainder when g is divided by 15?
11
Let w(o) = 3*o + 8. Suppose -8*l + 11 + 69 = 0. Suppose -3*m - 14 = -f, 5*m - 16 = -6. Calculate the remainder when w(l) is divided by f.
18
Let r = 13 - 54. Let f = 40 + r. Calculate the remainder when (330/6)/(f/(-2)) is divided by 28.
26
Let c(f) be the second derivative of f**5/20 - 13*f**4/6 + 5*f**3/3 - 63*f**2/2 + 79*f. Calculate the remainder when c(26) is divided by 10.
7
What is the remainder when (-748)/(20/((-150)/15)) is divided by 125?
124
Let b = -158176 + 158212. Suppose 0 = 4*o, 7*q - 3*q + o = 24. Calculate the remainder when b is divided by q.
0
Suppose -4*i - 16 = 0, 0 = 49*b - 52*b + 2*i + 380. What is the remai